{"id":3545,"date":"2023-06-15T22:40:48","date_gmt":"2023-06-15T22:40:48","guid":{"rendered":"https:\/\/cnssbf.org\/?page_id=3545"},"modified":"2024-02-12T09:29:16","modified_gmt":"2024-02-12T09:29:16","slug":"communiques","status":"publish","type":"page","link":"https:\/\/cnssbf.org\/?page_id=3545","title":{"rendered":"Communiqu\u00e9s"},"content":{"rendered":"\t\t<div data-elementor-type=\"wp-page\" data-elementor-id=\"3545\" class=\"elementor elementor-3545\" data-elementor-post-type=\"page\">\n\t\t\t\t\t\t\t\t\t<section data-exad-particle-enable=\"false\" class=\"elementor-section elementor-top-section elementor-element elementor-element-69e47c8 elementor-section-boxed elementor-section-height-default elementor-section-height-default exad-parallax-effect-no exad-background-color-change-no exad-glass-effect-no exad-sticky-section-no\" data-id=\"69e47c8\" data-element_type=\"section\">\n\t\t\t\t\t\t<div class=\"elementor-container elementor-column-gap-default\">\n\t\t\t\t\t<div class=\"aux-parallax-section elementor-column elementor-col-100 elementor-top-column elementor-element elementor-element-4786296 exad-glass-effect-no exad-sticky-section-no\" data-id=\"4786296\" data-element_type=\"column\">\n\t\t\t<div class=\"elementor-widget-wrap elementor-element-populated\">\n\t\t\t\t\t\t\t\t<div class=\"elementor-element elementor-element-0def3ca exad-sticky-section-no exad-glass-effect-no elementor-widget elementor-widget-shortcode\" data-id=\"0def3ca\" data-element_type=\"widget\" id=\"justifierCom\" data-widget_type=\"shortcode.default\">\n\t\t\t\t<div class=\"elementor-widget-container\">\n\t\t\t\t\t<div class=\"elementor-shortcode\">        <div data-options='{&quot;id&quot;:&quot;3772&quot;,&quot;lazy_load&quot;:&quot;no&quot;,&quot;masonry_enable&quot;:&quot;no&quot;,&quot;view_type&quot;:&quot;grid&quot;}' id=\"post-grid-3772\" class=\"post-grid grid\">\r\n                <div class=\"grid-items\">\r\n            <div class=\"item item-11453 skin flat even 0 \">\r\n                <div class=\"layer-wrapper layout-3298\">\r\n                <div class=\"element element_1587187895341  title \">\r\n                    <a target=\"_blank\" href=\"https:\/\/cnssbf.org\/?p=11453\">Communiqu\u00e9 relatif aux dates limites de paiement des cotisations sociales<\/a>\r\n\r\n        \r\n\r\n    <\/div>\r\n    <div class=\"element element_1694521354300  post_date \">\r\n                    18\/04\/2026        \r\n    <\/div>\r\n        <\/div>\r\n    <\/div><div class=\"item item-11444 skin flat odd 1 \">\r\n                <div class=\"layer-wrapper layout-3298\">\r\n                <div class=\"element element_1587187895341  title \">\r\n                    <a target=\"_blank\" href=\"https:\/\/cnssbf.org\/?p=11444\">Communiqu\u00e9 relatif \u00e0 une op\u00e9ration de contr\u00f4le de la carte d'affiliation<\/a>\r\n\r\n        \r\n\r\n    <\/div>\r\n    <div class=\"element element_1694521354300  post_date \">\r\n                    18\/04\/2026        \r\n    <\/div>\r\n        <\/div>\r\n    <\/div><div class=\"item item-11435 skin flat even 2 \">\r\n                <div class=\"layer-wrapper layout-3298\">\r\n                <div class=\"element element_1587187895341  title \">\r\n                    <a target=\"_blank\" href=\"https:\/\/cnssbf.org\/?p=11435\">Communiqu\u00e9 relatif \u00e0 l'affermage du centre d'accueil et d'h\u00e9bergement et de la salle de conf\u00e9rence de la CNSS \u00e0 Fada N'Gourma<\/a>\r\n\r\n        \r\n\r\n    <\/div>\r\n    <div class=\"element element_1694521354300  post_date \">\r\n                    18\/04\/2026        \r\n    <\/div>\r\n        <\/div>\r\n    <\/div><div class=\"item item-11426 skin flat odd 3 \">\r\n                <div class=\"layer-wrapper layout-3298\">\r\n                <div class=\"element element_1587187895341  title \">\r\n                    <a target=\"_blank\" href=\"https:\/\/cnssbf.org\/?p=11426\">Communiqu\u00e9 relatif au d\u00e9p\u00f4t des pi\u00e8ces de maintien des droits des pensionn\u00e9s et rentiers ainsi que des ayants droit<\/a>\r\n\r\n        \r\n\r\n    <\/div>\r\n    <div class=\"element element_1694521354300  post_date \">\r\n                    18\/04\/2026        \r\n    <\/div>\r\n        <\/div>\r\n    <\/div><div class=\"item item-11417 skin flat even 4 \">\r\n                <div class=\"layer-wrapper layout-3298\">\r\n                <div class=\"element element_1587187895341  title \">\r\n                    <a target=\"_blank\" href=\"https:\/\/cnssbf.org\/?p=11417\">Communiqu\u00e9 relatif aux dates limites de paiement des cotisations sociales<\/a>\r\n\r\n        \r\n\r\n    <\/div>\r\n    <div class=\"element element_1694521354300  post_date \">\r\n                    17\/04\/2026        \r\n    <\/div>\r\n        <\/div>\r\n    <\/div><div class=\"item item-11328 skin flat odd 5 \">\r\n                <div class=\"layer-wrapper layout-3298\">\r\n                <div class=\"element element_1587187895341  title \">\r\n                    <a target=\"_blank\" href=\"https:\/\/cnssbf.org\/?p=11328\">Communiqu\u00e9 relatif \u00e0 l'affermage du centre d'accueil et d'h\u00e9bergement de la CNSS \u00e0 Manga.<\/a>\r\n\r\n        \r\n\r\n    <\/div>\r\n    <div class=\"element element_1694521354300  post_date \">\r\n                    11\/12\/2025        \r\n    <\/div>\r\n        <\/div>\r\n    <\/div><div class=\"item item-11316 skin flat even 6 \">\r\n                <div class=\"layer-wrapper layout-3298\">\r\n                <div class=\"element element_1587187895341  title \">\r\n                    <a target=\"_blank\" href=\"https:\/\/cnssbf.org\/?p=11316\">Communiqu\u00e9 relatif \u00e0 l'affermage du centre d'accueil et d'h\u00e9bergement de la CNSS \u00e0 Dori.<\/a>\r\n\r\n        \r\n\r\n    <\/div>\r\n    <div class=\"element element_1694521354300  post_date \">\r\n                    11\/12\/2025        \r\n    <\/div>\r\n        <\/div>\r\n    <\/div><div class=\"item item-11306 skin flat odd 7 \">\r\n                <div class=\"layer-wrapper layout-3298\">\r\n                <div class=\"element element_1587187895341  title \">\r\n                    <a target=\"_blank\" href=\"https:\/\/cnssbf.org\/?p=11306\">Communiqu\u00e9 relatif \u00e0 l'affermage de la salle du cin\u00e9 Burkina.<\/a>\r\n\r\n        \r\n\r\n    <\/div>\r\n    <div class=\"element element_1694521354300  post_date \">\r\n                    11\/12\/2025        \r\n    <\/div>\r\n        <\/div>\r\n    <\/div><div class=\"item item-11241 skin flat even 8 \">\r\n                <div class=\"layer-wrapper layout-3298\">\r\n                <div class=\"element element_1587187895341  title \">\r\n                    <a target=\"_blank\" href=\"https:\/\/cnssbf.org\/?p=11241\">Communiqu\u00e9 relatif au dossier du non paiement de la pension des Ex travailleurs de la soci\u00e9t\u00e9 ONATEL S.A (MOOV AFRICA SA)<\/a>\r\n\r\n        \r\n\r\n    <\/div>\r\n    <div class=\"element element_1694521354300  post_date \">\r\n                    09\/09\/2025        \r\n    <\/div>\r\n        <\/div>\r\n    <\/div>        <\/div>\r\n        <div class=\"pagination\">\r\n            <div class=\"paginate\">\r\n        <span aria-current=\"page\" class=\"page-numbers current\">1<\/span>\n<a class=\"page-numbers\" href=\"https:\/\/cnssbf.org\/index.php?rest_route=%2Fwp%2Fv2%2Fpages%2F3545&#038;paged=2\">2<\/a>\n<a class=\"page-numbers\" href=\"https:\/\/cnssbf.org\/index.php?rest_route=%2Fwp%2Fv2%2Fpages%2F3545&#038;paged=3\">3<\/a>\n<a class=\"next page-numbers\" href=\"https:\/\/cnssbf.org\/index.php?rest_route=%2Fwp%2Fv2%2Fpages%2F3545&#038;paged=2\">Suivant \u00bb<\/a>    <\/div>\r\n    <style type=\"text\/css\">\r\n        #post-grid-3772 .pagination .page-numbers {\r\n            font-size: #646464;\r\n            color: #4b4b4b;\r\n            background: #ffffff;\r\n        }\r\n        #post-grid-3772 .pagination .page-numbers:hover,\r\n        #post-grid-3772 .pagination .page-numbers.current {\r\n            background: #0db50a;\r\n        }\r\n    <\/style>\r\n    <\/div>\r\n    <style type=\"text\/css\">\r\n        .layout-3298 .element_1587187895341 {\r\n            font-size: 16px;\r\n            margin: 5px 0;\r\n            text-align: left;\r\n                    }\r\n\r\n        .layout-3298 .element_1587187895341 a {\r\n            font-size: 16px;\r\n            margin: 5px 0;\r\n            text-align: left;\r\n                    }\r\n    <\/style>\r\n    <style type=\"text\/css\">\r\n        .layout-3298 .element_1694521354300 {\r\n            text-align: left;\r\n                    }\r\n\r\n        .layout-3298 .element_1694521354300 a {\r\n                    }\r\n    <\/style>\r\n    \r\n\r\n            <style type=\"text\/css\">\r\n            .layout-3298 a{text-decoration:none}.layout-3298 .layer-media{background:#fff none repeat scroll 0 0;border-radius:50%;overflow:hidden}        <\/style>\r\n        <script>\r\n        <\/script>\r\n        <style type=\"text\/css\">\r\n        #post-grid-3772 {\r\n                    }\r\n        #post-grid-3772 .item {\r\n            padding: 0px;\r\n            background: #fff;\r\n                    }\r\n        #post-grid-3772 .item .layer-media {\r\n            height:auto;        }\r\n        @media only screen and (min-width: 0px) and (max-width: 767px) {\r\n            #post-grid-3772 .grid-items {\r\n                display: grid;\r\n                grid-template-columns: 1fr ;\r\n                column-gap: 10px;\r\n                row-gap: 10px;\r\n                            }\r\n            #post-grid-3772 .item {\r\n                height:auto;            }\r\n        }\r\n        @media only screen and (min-width: 768px) and (max-width: 1023px) {\r\n            #post-grid-3772 .grid-items {\r\n                display: grid;\r\n                grid-template-columns: 1fr 1fr ;\r\n                column-gap: 10px;\r\n                row-gap: 10px;             }\r\n            #post-grid-3772 .item {\r\n                max-height:auto;            }\r\n        }\r\n        @media only screen and (min-width: 1024px) {\r\n            #post-grid-3772 .grid-items {\r\n                display: grid;\r\n                grid-template-columns: 1fr 1fr 1fr ;\r\n                column-gap: 10px;\r\n                row-gap: 10px;\r\n                            }\r\n            #post-grid-3772 .item {\r\n                height:auto;            }\r\n        }\r\n            <\/style>\r\n    <\/div>\r\n<\/div>\n\t\t\t\t<\/div>\n\t\t\t\t<\/div>\n\t\t\t\t\t<\/div>\n\t\t<\/div>\n\t\t\t\t\t\t\t<\/div>\n\t\t<\/section>\n\t\t\t\t\t\t\t<\/div>\n\t\t<div style=\"margin-top: 0px; margin-bottom: 0px;\" class=\"sharethis-inline-share-buttons\" ><\/div>","protected":false},"excerpt":{"rendered":"","protected":false},"author":1,"featured_media":0,"parent":0,"menu_order":0,"comment_status":"closed","ping_status":"closed","template":"","meta":{"pgc_meta":"","footnotes":""},"pgc_meta":"","yoast_head":"<!-- This site is optimized with the Yoast SEO plugin v21.9.1 - https:\/\/yoast.com\/wordpress\/plugins\/seo\/ -->\n<title>Communiqu\u00e9s - CNSS BF<\/title>\n<meta name=\"robots\" content=\"index, follow, max-snippet:-1, max-image-preview:large, max-video-preview:-1\" \/>\n<link rel=\"canonical\" href=\"https:\/\/cnssbf.org\/?page_id=3545\" \/>\n<meta property=\"og:locale\" content=\"fr_FR\" \/>\n<meta property=\"og:type\" content=\"article\" \/>\n<meta property=\"og:title\" content=\"Communiqu\u00e9s - CNSS BF\" \/>\n<meta property=\"og:url\" content=\"https:\/\/cnssbf.org\/?page_id=3545\" \/>\n<meta property=\"og:site_name\" content=\"CNSS BF\" \/>\n<meta property=\"article:modified_time\" content=\"2024-02-12T09:29:16+00:00\" \/>\n<meta name=\"twitter:card\" content=\"summary_large_image\" \/>\n<script type=\"application\/ld+json\" class=\"yoast-schema-graph\">{\"@context\":\"https:\/\/schema.org\",\"@graph\":[{\"@type\":\"WebPage\",\"@id\":\"https:\/\/cnssbf.org\/?page_id=3545\",\"url\":\"https:\/\/cnssbf.org\/?page_id=3545\",\"name\":\"Communiqu\u00e9s - CNSS BF\",\"isPartOf\":{\"@id\":\"https:\/\/cnssbf.org\/#website\"},\"datePublished\":\"2023-06-15T22:40:48+00:00\",\"dateModified\":\"2024-02-12T09:29:16+00:00\",\"breadcrumb\":{\"@id\":\"https:\/\/cnssbf.org\/?page_id=3545#breadcrumb\"},\"inLanguage\":\"fr-FR\",\"potentialAction\":[{\"@type\":\"ReadAction\",\"target\":[\"https:\/\/cnssbf.org\/?page_id=3545\"]}]},{\"@type\":\"BreadcrumbList\",\"@id\":\"https:\/\/cnssbf.org\/?page_id=3545#breadcrumb\",\"itemListElement\":[{\"@type\":\"ListItem\",\"position\":1,\"name\":\"Accueil\",\"item\":\"https:\/\/cnssbf.org\/\"},{\"@type\":\"ListItem\",\"position\":2,\"name\":\"Communiqu\u00e9s\"}]},{\"@type\":\"WebSite\",\"@id\":\"https:\/\/cnssbf.org\/#website\",\"url\":\"https:\/\/cnssbf.org\/\",\"name\":\"CNSS BF\",\"description\":\"Les vertus de la solidarit\u00e9\",\"publisher\":{\"@id\":\"https:\/\/cnssbf.org\/#organization\"},\"potentialAction\":[{\"@type\":\"SearchAction\",\"target\":{\"@type\":\"EntryPoint\",\"urlTemplate\":\"https:\/\/cnssbf.org\/?s={search_term_string}\"},\"query-input\":\"required name=search_term_string\"}],\"inLanguage\":\"fr-FR\"},{\"@type\":\"Organization\",\"@id\":\"https:\/\/cnssbf.org\/#organization\",\"name\":\"CNSS BF\",\"url\":\"https:\/\/cnssbf.org\/\",\"logo\":{\"@type\":\"ImageObject\",\"inLanguage\":\"fr-FR\",\"@id\":\"https:\/\/cnssbf.org\/#\/schema\/logo\/image\/\",\"url\":\"https:\/\/cnssbf.org\/wp-content\/uploads\/2023\/12\/cropped-cropped-Logo-CNSS_new_SAP-1.png\",\"contentUrl\":\"https:\/\/cnssbf.org\/wp-content\/uploads\/2023\/12\/cropped-cropped-Logo-CNSS_new_SAP-1.png\",\"width\":461,\"height\":143,\"caption\":\"CNSS BF\"},\"image\":{\"@id\":\"https:\/\/cnssbf.org\/#\/schema\/logo\/image\/\"}}]}<\/script>\n<!-- \/ Yoast SEO plugin. -->","yoast_head_json":{"title":"Communiqu\u00e9s - CNSS BF","robots":{"index":"index","follow":"follow","max-snippet":"max-snippet:-1","max-image-preview":"max-image-preview:large","max-video-preview":"max-video-preview:-1"},"canonical":"https:\/\/cnssbf.org\/?page_id=3545","og_locale":"fr_FR","og_type":"article","og_title":"Communiqu\u00e9s - CNSS BF","og_url":"https:\/\/cnssbf.org\/?page_id=3545","og_site_name":"CNSS BF","article_modified_time":"2024-02-12T09:29:16+00:00","twitter_card":"summary_large_image","schema":{"@context":"https:\/\/schema.org","@graph":[{"@type":"WebPage","@id":"https:\/\/cnssbf.org\/?page_id=3545","url":"https:\/\/cnssbf.org\/?page_id=3545","name":"Communiqu\u00e9s - CNSS BF","isPartOf":{"@id":"https:\/\/cnssbf.org\/#website"},"datePublished":"2023-06-15T22:40:48+00:00","dateModified":"2024-02-12T09:29:16+00:00","breadcrumb":{"@id":"https:\/\/cnssbf.org\/?page_id=3545#breadcrumb"},"inLanguage":"fr-FR","potentialAction":[{"@type":"ReadAction","target":["https:\/\/cnssbf.org\/?page_id=3545"]}]},{"@type":"BreadcrumbList","@id":"https:\/\/cnssbf.org\/?page_id=3545#breadcrumb","itemListElement":[{"@type":"ListItem","position":1,"name":"Accueil","item":"https:\/\/cnssbf.org\/"},{"@type":"ListItem","position":2,"name":"Communiqu\u00e9s"}]},{"@type":"WebSite","@id":"https:\/\/cnssbf.org\/#website","url":"https:\/\/cnssbf.org\/","name":"CNSS BF","description":"Les vertus de la solidarit\u00e9","publisher":{"@id":"https:\/\/cnssbf.org\/#organization"},"potentialAction":[{"@type":"SearchAction","target":{"@type":"EntryPoint","urlTemplate":"https:\/\/cnssbf.org\/?s={search_term_string}"},"query-input":"required name=search_term_string"}],"inLanguage":"fr-FR"},{"@type":"Organization","@id":"https:\/\/cnssbf.org\/#organization","name":"CNSS BF","url":"https:\/\/cnssbf.org\/","logo":{"@type":"ImageObject","inLanguage":"fr-FR","@id":"https:\/\/cnssbf.org\/#\/schema\/logo\/image\/","url":"https:\/\/cnssbf.org\/wp-content\/uploads\/2023\/12\/cropped-cropped-Logo-CNSS_new_SAP-1.png","contentUrl":"https:\/\/cnssbf.org\/wp-content\/uploads\/2023\/12\/cropped-cropped-Logo-CNSS_new_SAP-1.png","width":461,"height":143,"caption":"CNSS BF"},"image":{"@id":"https:\/\/cnssbf.org\/#\/schema\/logo\/image\/"}}]}},"_links":{"self":[{"href":"https:\/\/cnssbf.org\/index.php?rest_route=\/wp\/v2\/pages\/3545"}],"collection":[{"href":"https:\/\/cnssbf.org\/index.php?rest_route=\/wp\/v2\/pages"}],"about":[{"href":"https:\/\/cnssbf.org\/index.php?rest_route=\/wp\/v2\/types\/page"}],"author":[{"embeddable":true,"href":"https:\/\/cnssbf.org\/index.php?rest_route=\/wp\/v2\/users\/1"}],"replies":[{"embeddable":true,"href":"https:\/\/cnssbf.org\/index.php?rest_route=%2Fwp%2Fv2%2Fcomments&post=3545"}],"version-history":[{"count":0,"href":"https:\/\/cnssbf.org\/index.php?rest_route=\/wp\/v2\/pages\/3545\/revisions"}],"wp:attachment":[{"href":"https:\/\/cnssbf.org\/index.php?rest_route=%2Fwp%2Fv2%2Fmedia&parent=3545"}],"curies":[{"name":"wp","href":"https:\/\/api.w.org\/{rel}","templated":true}]}}